ase 8, what is -175072 - 15300?
-212372
In base 5, what is -314241112424 + -4?
-314241112433
In base 12, what is 4 + 661b39?
661b41
In base 8, what is 340031 + -45?
337764
In base 7, what is -34 - 3063305?
-3063342
In base 3, what is 122021121221202 - -11?
122021121221220
In base 4, what is 10 + -131200231?
-131200221
In base 16, what is -eab2338 + 5?
-eab2333
In base 15, what is 106455 + -57?
1063ed
In base 8, what is 12 - -24670715?
24670727
In base 2, what is -10110110001100100111010011 - -110?
-10110110001100100111001101
In base 15, what is 88a9 + -1b5?
86e4
In base 2, what is -1001110101001110001 - 11111000?
-1001110101101101001
In base 10, what is -107 + -4618332?
-4618439
In base 9, what is -243447 + -6506?
-251054
In base 2, what is 101 + -11000011000100001000?
-11000011000100000011
In base 15, what is -2c3aac - -2c?
-2c3a80
In base 5, what is -12140014020 + -3?
-12140014023
In base 11, what is 78426 - -221?
78647
In base 2, what is 101000010100111110 + 100000000?
101000011000111110
In base 2, what is -1111 + 1111011111110000011010100?
1111011111110000011000101
In base 5, what is 2 - -4214233300?
4214233302
In base 15, what is 189a + 259?
1b04
In base 7, what is -6613156651 + 5?
-6613156643
In base 3, what is 12 + -102022211112201?
-102022211112112
In base 13, what is 3c + 32670c?
32674b
In base 16, what is -8509 + -2f26?
-b42f
In base 15, what is -b19 + -b71?
-178a
In base 16, what is -105e0 - 3348?
-13928
In base 16, what is 3 - 4117d0?
-4117cd
In base 15, what is -234053c + -5?
-2340542
In base 4, what is -1210313220 - 1033?
-1210320313
In base 13, what is -1b784a - 2?
-1b784c
In base 14, what is -902 + 169a?
b98
In base 2, what is -11011000001001110010100100 + -11?
-11011000001001110010100111
In base 2, what is -1001111011111110010010010 - 10?
-1001111011111110010010100
In base 2, what is -1010001001110000110 - -1101100?
-1010001001100011010
In base 7, what is -10 + 44561621?
44561611
In base 5, what is -20323 + 11242?
-4031
In base 9, what is 4 - 7380023?
-7380018
In base 3, what is 0 - 1101202110111?
-1101202110111
In base 14, what is 1544d5b + 0?
1544d5b
In base 13, what is 5 + 2a65a3?
2a65a8
In base 7, what is -1011 - 12235564?
-12236605
In base 7, what is 16 - 12504240?
-12504221
In base 12, what is -5 - -1495733?
149572a
In base 7, what is -10224131 - 130?
-10224261
In base 2, what is 11000001011100110 + 110111000?
11000010010011110
In base 4, what is -2223312202 - -221?
-2223311321
In base 12, what is 4 + 38aab40?
38aab44
In base 4, what is -12300013201 + -13?
-12300013220
In base 9, what is 5503 - 4182?
1311
In base 12, what is -6779a06 + -3?
-6779a09
In base 11, what is -691 + a2a22?
a2341
In base 2, what is -111011010010000010111101 - -1001?
-111011010010000010110100
In base 15, what is 3c9c41b + 1?
3c9c41c
In base 14, what is 573b4 - -6?
573ba
In base 6, what is -114 - -35021103?
35020545
In base 10, what is 1133666 + -6?
1133660
In base 12, what is 2753971 + -1?
2753970
In base 11, what is 3a + 44010?
4404a
In base 16, what is -4d0e2 - -5?
-4d0dd
In base 15, what is -a - 952b8?
-952c3
In base 12, what is -4 - -1454848?
1454844
In base 8, what is 33323 + -16653?
14450
In base 10, what is -258 - 3078200?
-3078458
In base 11, what is 196605 + -33a?
196276
In base 16, what is 37c6 - -1ed?
39b3
In base 6, what is 12135135 + 120?
12135255
In base 3, what is 1111022221222110 + -100?
1111022221222010
In base 7, what is 416 - -134200?
134616
In base 5, what is 334402 + -112002?
222400
In base 9, what is 72148 + -6200?
64848
In base 14, what is -317d4398 - -3?
-317d4395
In base 12, what is -102bbb7 + -15?
-1030010
In base 4, what is 1122122220220 - -1?
1122122220221
In base 14, what is -2d + -787ca?
-78819
In base 14, what is -527 + b75?
64c
In base 11, what is -1051a7 - 5?
-105201
In base 2, what is -11000111 - 100011111011100101011?
-100011111011111110010
In base 3, what is -20221002121101 - 20011?
-20221002211112
In base 4, what is 131122003233032 - 11?
131122003233021
In base 8, what is 35147 + -561?
34366
In base 8, what is -617063 - -33?
-617030
In base 13, what is -53b + 29b5?
2477
In base 3, what is -1120 + 1002000100010?
1002000021120
In base 14, what is -160d4 - -5963?
-10571
In base 15, what is -1c42ba5 - -2?
-1c42ba3
In base 10, what is 0 - 320996?
-320996
In base 8, what is 23340 - -36611?
62151
In base 7, what is -3 + 224226262?
224226256
In base 6, what is -203444 - -32?
-203412
In base 2, what is 10100011 + -100100101111001?
-100100011010110
In base 2, what is 1 - 11001111111110000100000?
-11001111111110000011111
In base 9, what is -1513307 - 14?
-1513322
In base 9, what is -5745 + 23486?
16641
In base 5, what is 20412011 + 413?
20412424
In base 11, what is 137281 - -26?
1372a7
In base 10, what is 18578 - 23814?
-5236
In base 7, what is -1212034 + 3166?
-1205535
In base 6, what is 21131 - 343354?
-322223
In base 7, what is -2 - -510123514?
510123512
In base 4, what is -222 + 211202211?
211201323
In base 11, what is -4665a02 + 0?
-4665a02
In base 8, what is -26350466 + -2?
-26350470
In base 6, what is -32 - 153052442?
-153052514
In base 8, what is -205030 + -23251?
-230301
In base 2, what is -1000100010 - -111011101101001101?
111011100100101011
In base 4, what is -31 + -203300230233?
-203300230330
In base 12, what is 5 + -705909?
-705904
In base 5, what is -202004 + -13321?
-220330
In base 2, what is 11110 - 110000000000111010?
-110000000000011100
In base 3, what is -11021200120101002 + 0?
-11021200120101002
In base 11, what is -6 + -589a456?
-589a461
In base 14, what is c647b941 + 1?
c647b942
In base 12, what is 24 + 139a747?
139a76b
In base 4, what is -1311 - 1031002230?
-1031010201
In base 4, what is 322330121303 + -2?
322330121301
In base 14, what is -7927 - 442?
-7d69
In base 5, what is 2 - 22412120442?
-22412120440
In base 14, what is -2 + -68856d?
-688571
In base 4, what is 100122 + -3212012133?
-3211312011
In base 9, what is 5 - 15824675?
-15824670
In base 7, what is -60663 - 20333?
-111326
In base 6, what is 144125402 + 232?
144130034
In base 13, what is -b0c379 - -12?
-b0c367
In base 14, what is -3ddb7 - 180?
-40157
In base 5, what is -1222 - -11342200?
11340423
In base 12, what is 100b - -918?
1927
In base 7, what is -43404 - 151?
-43555
In base 10, what is 234 + 77302?
77536
In base 9, what is -120 - 535543?
-535663
In base 5, what is 3313313 - 12324?
3300434
In base 5, what is -121 - 140210344?
-140211020
In base 13, what is -1a58b - 943?
-1b201
In base 6, what is -4 + 1344035251?
1344035243
In base 13, what is 14c29 + -24b?
149ab
In base 14, what is 1cb35151 + 0?
1cb35151
In base 16, what is -8b866 + -46?
-8b8ac
In base 12, what is 403 - 5943?
-5540
In base 13, what is -2 + 2b43bbbb?
2b43bbb9
In base 8, what is 210044 + 366?
210432
In base 14, what is c774c + -17?
c7735
In base 15, what is -5 + -1e07cb7?
-1e07cbc
In base 9, what is -4202282 - -8?
-4202273
In base 6, what is 4 - 241352244?
-241352240
In base 14, what is -b971b - -769?
-b8d92
In base 13, what is 59 + bb3c?
bb98
In base 16, what is 77c5d1 - -b?
77c5dc
In base 8, what is -1215371 + -25?
-1215416
In base 13, what is 1459 - -3447?
48a3
In base 2, what is -110110111100111101 - 11011101?
-110111000000011010
In base 10, what is -1636 + -143100?
-144736
In base 10, what is -4 - -4397645?
4397641
In base 8, what is 3231 + -600214?
-574763
In base 3, what is 2100222000201 - 1201?
2100221222000
In base 15, what is -198da9 + -4?
-198dad
In base 2, what is -110111011001001010001 - 100?
-110111011001001010101
In base 12, what is -3382b0b + -3?
-3382b12
In base 3, what is 211010112210002 - -111?
211010112210120
In base 12, what is 1a495 + 1676?
1bb4b
In base 3, what is 1111120 - -1121211111?
1200100001
In base 4, what is -10110111200330 + -3?
-10110111200333
In base 3, what is 210111101 + 21122?
210210000
In base 10, what is 12092648 - 36?
12092612
In base 13, what is 2692895 - 1a?
2692878
In base 14, what is 527 + -134ad?
-12d86
In base 4, what is -2 + 200101002022?
200101002020
In base 11, what is 99a - -3740a?
382a9
In base 4, what is 333320132 - -32332?
1000013130
In base 11, what is -663 - 1933?
-2496
In base 10, what is -11267871 + -32?
-11267903
In base 10, what is -4059 - 34437?
-38496
In base 6, what is -11 - -55000555?
55000544
In base 